127
Suppose 5*c + 8087 = 480*r - 476*r, c - 2024 = -r. What are the prime factors of r?
7, 17
Suppose 0 = 17*f + 10*f + f - 629524. What are the prime factors of f?
22483
Let g = 291 - 276. Suppose 0 = -g*c + 13358 - 3713. What are the prime factors of c?
643
List the prime factors of 10650/((-50)/(-10)) - 13.
29, 73
Suppose -3*a = -5*n + 30496, -a = -3 - 0. List the prime factors of n.
6101
Let r(z) = z**2 + 47*z + 9. Let q be r(-30). Let v = 724 + q. List the prime factors of v.
223
Let o(t) = t**2 - 8*t - 4. Let j(u) = 2 - 3*u + 9 + 9 - 5. Let x be j(7). List the prime factors of o(x).
2, 5
Let d be (-313)/(-2) - 12/8. Let j = 107 + d. What are the prime factors of j?
2, 131
What are the prime factors of 20238/5 + 14/(-70)*3?
3, 19, 71
Suppose 6 = -4*f + 3*q - q, -q = 2*f - 7. Suppose -k = -f + 3, -412 = -3*g + 5*k. Suppose -g = -2*b - 3*o, -14 = b - o - 86. What are the prime factors of b?
2, 5, 7
Suppose -13*u + 5732 + 503 + 33246 = 0. What are the prime factors of u?
3037
Suppose -5*u + 26*u = -3350 - 1921. Let t = 638 - 273. Let d = u + t. List the prime factors of d.
2, 3, 19
Let z = -429 + 477. Let t = z + -17. What are the prime factors of t?
31
Let n be ((-6)/(-8))/((-4)/16) + -1. Let f be n - (34 + -3 + -1). List the prime factors of 2/((-140)/f + -4).
17
Let a be (-1347)/(-6) - 2/(-4). Let w be (-28)/7 - (2 - 6). Suppose w = -7*x + 12*x - a. What are the prime factors of x?
3, 5
Suppose -12*b - 12859 = -43804 - 116259. List the prime factors of b.
3, 29, 47
Let z(r) = r**3 + 23*r**2 - 10. Let l be z(-23). Let v(a) = -3*a**2 - 8*a + 1. Let f be v(l). Let o = -126 - f. List the prime factors of o.
3, 31
Let n = 322 + -317. Suppose 2356 = 4*t - 4*f, -n*t + 9*t - 2372 = -4*f. What are the prime factors of t?
3, 197
Suppose 4*q + 469 = 2*k - 1061, -k + 1535 = -4*q. Let i be (-3696)/15 + 4/10. Let w = i - q. List the prime factors of w.
139
Suppose -2*u - 111684 = -5*a, -3*a + 996*u - 991*u = -66999. List the prime factors of a.
2, 3, 17, 73
Let a be (-11 + (-57)/(-6))*8*-182. Suppose -39*w = -45*w + a. List the prime factors of w.
2, 7, 13
Suppose 5*a - 10 = 5*g - 40, 0 = a + 4*g + 1. Let o(b) = 3*b - 4 - b**2 + b**3 + 3 + 5*b**2 + 4*b**2. What are the prime factors of o(a)?
59
Suppose 154816 = 2*n + 4*o, n - 41380 = o + 36028. What are the prime factors of n?
2, 41, 59
Suppose -3*o + 3*p + 2793 = 0, 1070*p - 1068*p = 4*o - 3716. List the prime factors of o.
3, 103
Suppose 3 = p, -5*b - 21*p + 117 = -22*p. Suppose -511 = -25*q + b*q. List the prime factors of q.
7, 73
Suppose 151*c + 720 = 156*c. List the prime factors of ((-3072)/c)/(2*(-1)/93).
2, 31
Let z(r) = 1313*r**2 + 692*r + 7. What are the prime factors of z(-5)?
2, 7, 1049
Let n(i) = i**3 - 3*i**2 - 6*i + 6. Let f be n(4). Let v(x) = 4*x + 4. Let w(l) = 14*l + 14. Let k(s) = -9*v(s) + 2*w(s). What are the prime factors of k(f)?
2
Let h = 267 + 45906. What are the prime factors of h?
3, 15391
Let x(q) = -7*q - 5. Suppose -20 - 10 = 5*p. Let k(r) = -44*r - 29. Let t(m) = p*k(m) + 39*x(m). What are the prime factors of t(-14)?
3, 5, 7
Suppose 113*n + 28625 = 118*n. What are the prime factors of n?
5, 229
Let n(k) be the third derivative of 35*k**4/12 - 19*k**3/2 - 48*k**2. List the prime factors of n(5).
293
Suppose 4*g - 5*n = -36, 4*g + 47 = -n - 13. Let w(b) = -28*b - 26. Let z(v) = -9*v - 9. Let r(h) = 4*w(h) - 11*z(h). List the prime factors of r(g).
3, 59
Let d(m) = 613*m**2 - 1220*m**2 + 27 - 87*m + 610*m**2 - 10*m. What are the prime factors of d(36)?
3, 47
Suppose -77*t + 81*t + 36 = 0. Let i(l) = -l**3 - l**2 + 8*l - 29. What are the prime factors of i(t)?
547
Let f(a) = -a**3 + 6*a**2 - 5*a + 10. Let j be f(4). Suppose -3*b - 16 = -7*b. Suppose 90 + j = b*z. List the prime factors of z.
2, 7
Suppose 0 = -5*f - r + 7, 0 = f - 10*r + 8*r - 8. Suppose 8*l - 1392 = f*l. List the prime factors of l.
2, 29
Suppose -2*s = 2, -2*q = -q - s - 226. Suppose -7*b + q = -2*b. Suppose -3*v + b = -2*v. List the prime factors of v.
3, 5
Let x = 57055 - 26307. List the prime factors of x.
2, 7687
Let a(x) = 11*x**3 - 18*x**2 + 88*x + 21. What are the prime factors of a(10)?
3, 7, 13, 37
Suppose -161*i + 162*i + 17650 = 5*q, 5*q - 4*i - 17665 = 0. What are the prime factors of q?
3529
Let v = -8851 + 11810. List the prime factors of v.
11, 269
Let c = 4847 - -12. What are the prime factors of c?
43, 113
Let k be 2/6 + 1328/48. Let w = k - -82. List the prime factors of w.
2, 5, 11
Let g be (-1)/2 - (-134)/4. Let o = -2059 - -2082. Let y = g - o. What are the prime factors of y?
2, 5
Let j = 361 + 8826. List the prime factors of j.
9187
Let a be -2 + -2 + -15 + 4. Let i = 20 + a. Suppose 0 = i*q - 278 - 207. List the prime factors of q.
97
Let j = 77134 - 26115. List the prime factors of j.
163, 313
Let w = -82 + 77. Let o be 3/w*-5 + 70. Suppose -17 = -5*n + 2*d + o, 18 = n - 4*d. What are the prime factors of n?
2, 3
Let m = -137 + 469. Let f = m - 180. List the prime factors of f.
2, 19
Let l = 18916 + -12677. What are the prime factors of l?
17, 367
Suppose -5*n + 33146 + 86123 = 2*a, -5*n + 5*a + 119290 = 0. What are the prime factors of n?
5, 13, 367
Let v = 12 - -112. Suppose 220 = p - v. Suppose 11*r - p = 8. What are the prime factors of r?
2
Let t(c) = 7*c - 19. Let w = -56 + 69. Let l = -9 + w. What are the prime factors of t(l)?
3
Suppose 1835*b - 1683*b = 5522768. What are the prime factors of b?
2, 37, 491
Suppose a + 4 = -3*h - 11, -39 = a - 3*h. Let j be (a/6 - 0)/(24/(-1184)). Suppose j = -8*t + 14*t. List the prime factors of t.
37
Let u be (-11)/(-4) - (-30)/(-40). List the prime factors of u/(-1 - (-9)/6) - -292.
2, 37
Suppose 0 = 4*s - 25*s. Suppose s = 2*a - 2*n - 666, -4*a - a = 3*n - 1673. What are the prime factors of a?
2, 167
Suppose 164*t = 127*t + 103008. What are the prime factors of t?
2, 3, 29
Suppose -90*d - 50*d = -4478331 + 1317551. List the prime factors of d.
107, 211
Let f = -303 - -293. Suppose 2*k = -3*l - 3187, -2*l + 3*k - 2146 = -k. What are the prime factors of f/(-20) + l/(-6)?
2, 89
Suppose 0*i - 3*i = -12, -1028 = -4*a - 4*i. Suppose 3*p + 298 = p - z, -5*p - 715 = -5*z. Let y = a + p. List the prime factors of y.
2, 53
Suppose -3*h + 5*m - 5 = 0, -4*m + 34 = 5*h - 7. Suppose h*x + 98 = z + 303, -4*z = -3*x + 854. Let t = -102 - z. List the prime factors of t.
113
Let f(b) = b**2 - 10*b - 20. Let y be f(5). List the prime factors of 9/(y/55)*-103.
11, 103
Suppose 0 = m - 4*b - 19, 8*b + 31 = 5*m + 4*b. Suppose 0 = 12*p - m*p - 3528. What are the prime factors of p?
2, 7
Let x be (-3)/(-3)*11 - -1. Suppose x*h + 379 = 13*h. Suppose 3*u = -4*f - 119 + h, -292 = -4*f + 5*u. What are the prime factors of f?
2, 17
Let h = -105 - -105. Suppose u + 4 = 0, 5*t + 2*u - 3*u - 829 = h. List the prime factors of t.
3, 5, 11
Let a(h) = -18*h**3 - 85*h**2 - 484*h + 14. What are the prime factors of a(-6)?
2, 1873
Suppose -2*l - b = 2*l + 18, 5*b = -l + 5. What are the prime factors of 53 - l*(-4 - -3)?
2, 3
Let j(n) = 355*n**3 + 6*n**2 + 6*n - 61. List the prime factors of j(3).
2, 2399
Let q be 19*234/(-24)*(-32)/6. Let v = q + -488. List the prime factors of v.
2, 5
Suppose -74*c + c = 19*c - 512900. List the prime factors of c.
5, 223
Suppose 176*b = 186*b. Suppose -u + 3 = b, -3310 = -16*r + 12*r - 2*u. List the prime factors of r.
2, 7, 59
Let z = 163 - 157. Suppose z = 2*i, 3*i = -5*o + 2*i + 2403. List the prime factors of o.
2, 3, 5
Suppose -2*r + r + 4*w = -239, -1213 = -5*r + 2*w. Suppose r*i - 247*i + 1088 = 0. List the prime factors of i.
2, 17
Let m = 89 + -71. Suppose m*t = 6503 + 1885. List the prime factors of t.
2, 233
Let y = 25710 - 16471. List the prime factors of y.
9239
Let i = -31422 + 53463. What are the prime factors of i?
3, 31, 79
What are the prime factors of (-2)/(167609/55874 + -3)?
2, 7, 307
Let t = -11 - -11. Suppose -y + 7*n - 32 = 11*n, -2*n - 6 = t. Let d(c) = c**2 + 13*c - 6. List the prime factors of d(y).
2, 67
Suppose 5*p + 232653 = 4*l, l + 22*p - 20*p - 58147 = 0. List the prime factors of l.
11, 17, 311
Let h = 19 - 7. Suppose -g + 52 = -h. List the prime factors of (g/(-24))/(1/(-27)).
2, 3
Let t(k) = -2*k**3 + 154*k**2 + 66*k - 333. List the prime factors of t(76).
5, 17, 191
What are the prime factors of 